d by 1/(x/24 + -2)?
10
Let q(o) = 2*o + 4. What is the remainder when 13 is divided by q(1)?
1
Let b = 71 + -26. Let q = 13 + 3. Calculate the remainder when b is divided by q.
13
Suppose v + 2*v - 57 = 0. Let t = 39 - v. Calculate the remainder when 57 is divided by t.
17
Let q = -3 + 6. Suppose s + q*s = 92. Suppose 0 = 4*h + p - 0*p - 36, 0 = -h - 5*p + 28. Calculate the remainder when s is divided by h.
7
Let x(i) = i + 8. Calculate the remainder when x(-5) is divided by 2.
1
Let y be -19*(4 - 1)*-1. Suppose 0 = 5*a + 2*w - y, 5*a - w = 14 + 55. Suppose -2*s + 7 = -a. Calculate the remainder when 18 is divided by s.
8
Let w(c) = 2 - c - 2*c - 2*c + 4*c. Calculate the remainder when 29 is divided by w(-8).
9
Suppose 6 = -4*w + 2*w. What is the remainder when 16 is divided by w/((-1)/((-6)/(-2)))?
7
Let d(i) = -i**3 - 8*i**2 - 8*i - 5. Let f be d(-7). Suppose -29 = -f*n + n. Let t = -9 + 19. Calculate the remainder when n is divided by t.
9
Suppose 5*j - 5*m = 420, -j - m - 4*m = -78. What is the remainder when j is divided by 30?
23
Let k(z) = -z + 2. Let s be 3/(-1) + 2 + -2. What is the remainder when 13 is divided by k(s)?
3
Suppose 2*b + 83 - 15 = 2*s, 2*s + b - 71 = 0. What is the remainder when s is divided by 12?
11
What is the remainder when 1/(-2) + (-15)/(-2) is divided by -1 - (7/(-3) + 8/(-12))?
1
Let v = 76 - -22. Calculate the remainder when v is divided by 25.
23
Suppose -3*l = 3*u - 15, -4*u + u = -2*l + 10. Suppose -x = -u*x - 12. Let m(f) = -2*f**3 - 5*f**2 + 5*f + 6. What is the remainder when m(-4) is divided by x?
10
Suppose 65 = 5*o - 2*y, 0 = y + 3*y + 20. What is the remainder when o is divided by 8?
3
Let j(n) = -n. Let x(g) = -5*g. Let r(p) = 14*j(p) - 2*x(p). Calculate the remainder when r(-6) is divided by 13.
11
Let u = 25 - -4. Calculate the remainder when u is divided by 6.
5
Let m(d) = -d + 5. Let p be m(4). What is the remainder when p - (165/(-3) + 2) is divided by 11?
10
Suppose 3*c = c + 50. Let a = 29 - c. Let w = -3 + 5. What is the remainder when a is divided by w?
0
Suppose 4*i = k + 10, -4*i = -3*i - 2. Calculate the remainder when 29 is divided by 17 - (2 - (3 + k)).
13
Let r(k) = -k**3 - 4*k**2 + 1. Calculate the remainder when r(-5) is divided by 4.
2
Let p(o) = 6*o**2 - o. Let w be 9/6 + (-2)/4. Let m be p(w). What is the remainder when 2 is divided by -1 + 1 - (m - 6)?
0
Let a = 223 + -156. Calculate the remainder when a is divided by 14.
11
Let m(u) be the first derivative of 2*u**3/3 - 3*u**2 + 3*u + 8. Let z = 28 + 4. Calculate the remainder when z is divided by m(4).
10
Let c(n) be the first derivative of n**3 + 3*n**2/2 + n - 2. Calculate the remainder when c(3) is divided by 13.
11
Let g(v) be the third derivative of 4*v**4/3 + v**3/6 - 4*v**2. Calculate the remainder when g(1) is divided by 18.
15
Let d(c) be the first derivative of -c**4/4 + 2*c**3/3 + 3*c**2/2 - 3*c - 4. Calculate the remainder when 4 is divided by d(2).
1
Suppose -6 = 2*b, 0*b + 3 = 2*p + b. What is the remainder when (-23)/(p/(-3) - 0) is divided by (-62)/(-5) + 4/(-10)?
11
Let h(l) = -l - 8. Let q be h(-6). Let n = -9 + 5. Let r = q - n. Calculate the remainder when r is divided by 2.
0
Let l = -2 - -4. Suppose 4*w - 8 = 4*o, -3*o + 3 - 6 = -l*w. Calculate the remainder when 10 is divided by w.
1
Suppose z + 61 = 8. Let w = 74 + z. What is the remainder when 61 is divided by w?
19
What is the remainder when 118 is divided by -3*(14/(-3) - (-1)/(-1))?
16
Let a(d) = d + 1. Let u = -6 + 6. What is the remainder when 2 is divided by a(u)?
0
What is the remainder when (-1008)/(-90) + (-1)/5 is divided by 7?
4
Let x = 46 - 98. Calculate the remainder when 14 is divided by x/(-6) + 6/(-9).
6
Let d(q) = q**2 - 21*q + 13. Let k be d(10). Let o = 53 + k. Calculate the remainder when 12/(-2)*o/8 is divided by 17.
16
Suppose -3*f + 13 + 41 = 0. Let r(u) = -u**2 + 27*u - 119. Calculate the remainder when r(8) is divided by f.
15
Suppose -5*w + 0 = -10. Let r = 2 + w. Calculate the remainder when 7 is divided by r.
3
Suppose -3*w - 12 = -6*w. Suppose d = k + 12 - w, 3*k - 15 = 0. Calculate the remainder when 561/15 - ((-6)/(-15))/1 is divided by d.
11
Let o be (10 + 2)*1*1. Suppose -4 = -2*q + o. Calculate the remainder when 15 is divided by q.
7
Let q = 14 - 9. Suppose 0 = 2*g, 5 + 28 = 3*r - q*g. Calculate the remainder when 31 is divided by r.
9
Calculate the remainder when 49/(-21)*(-54)/2 is divided by 18.
9
Suppose 65 + 3 = 4*f. What is the remainder when 33 is divided by f?
16
Suppose -2*f = -u - 4*f + 16, 3*f - 16 = -u. Let z = -7 + u. What is the remainder when z is divided by 6?
3
Suppose 2*k - 73 - 11 = 0. Calculate the remainder when k is divided by 9.
6
Suppose -5*d - 4*m - 13 = 7, 20 = 4*d - 4*m. Suppose d = -t - 2*t + 180. What is the remainder when t is divided by 21?
18
Suppose -2*j = 2*j - 264. Let c = 124 - j. What is the remainder when c is divided by 20?
18
Let y(m) = -3*m - 20. Calculate the remainder when y(-9) is divided by 3.
1
What is the remainder when ((-21)/(-2))/((-2)/(-4)) is divided by 6?
3
Let c = 51 + 40. Let o(u) = -u**3 - 11*u**2 - 22*u - 5. What is the remainder when c is divided by o(-9)?
29
Suppose 7 = -5*r + 2. Let j(x) = x**3 + 5*x**2 + 3*x - 3. Let v be j(-4). Let c = v - r. Calculate the remainder when c is divided by 2.
0
Let u = -6 - -10. Suppose 142 = u*m - 2*o - 8, 0 = 3*m + 5*o - 106. What is the remainder when m is divided by 19?
18
Let h(x) = 2*x - 1. Let s be h(2). Suppose s*f + 225 = 54. Calculate the remainder when ((-1)/3)/(1/f) is divided by 10.
9
Let o(w) = w**2 - w + 5. Let n be o(0). Suppose -j + n*c + 3 = -6, -20 = -5*c. What is the remainder when 84 is divided by j?
26
Let v(a) = a**3 - 7*a**2 + 2. Let b be v(7). Let g = 15 - b. Suppose q - 150 = -5*q. Calculate the remainder when q is divided by g.
12
Let u be 1/4 - 23/(-4). Suppose 7*f - 67 = u*f. What is the remainder when f is divided by 23?
21
Suppose -4*w = l - 35, l - 3*l = -3*w + 40. What is the remainder when 18 is divided by w?
8
Let z be (-7)/(-4) - 3/(-12). Suppose 0 = l - 5*s - 13, -2*l = -2*s - 0 - z. Calculate the remainder when 29 is divided by (-2)/l - (-9)/1.
9
Let u(c) = 20*c**3 + c**2 + c - 1. Suppose 0 = -4*s + 4 + 40. Calculate the remainder when u(1) is divided by s.
10
Let n = -97 + 162. Suppose 0 = 4*f - 4, c + 0*c + 39 = -5*f. Let z = c + n. Calculate the remainder when z is divided by 11.
10
Suppose -2*g - 2*g - 38 = -5*d, 4*d - g = 37. What is the remainder when 29 is divided by d?
9
Let g = 7 + 16. What is the remainder when 44 is divided by g?
21
Suppose 4*v + v - 15 = 0, -3*k + 57 = 5*v. What is the remainder when 53 is divided by k?
11
Let q = 51 + -21. Suppose -b + 3 = -13. What is the remainder when q is divided by b?
14
Let l(s) = 3*s**2 + 2*s + 3. Let v be l(4). Let j = v + -6. Suppose y = 5*y - 72. Calculate the remainder when j is divided by y.
17
Let j(p) = 1 + p - 2 - 2*p + 11*p. Calculate the remainder when j(1) is divided by 6.
3
Suppose -8 = -2*r + 16. What is the remainder when 18 is divided by r?
6
Suppose 0 = 2*a - 0 - 72. Let i = a + -14. Let w(d) = 13*d - 1. What is the remainder when i is divided by w(1)?
10
Suppose 4*q - q + 3 = -2*s, 4 = -4*q. Suppose s = 6*z - z - 105. Calculate the remainder when z is divided by 11.
10
Let w(o) = 6*o + 15. What is the remainder when 23 is divided by w(0)?
8
Let c = -11 + 6. What is the remainder when (-1 - 1) + 33 + -2 is divided by (-380)/(-25) - (-1)/c?
14
Suppose -4*t = 2*d - 8, 5*d + 24 = t - 0*t. Let v(i) = 2*i**2 + 6*i. Let k be v(d). Let p = k + -3. Calculate the remainder when 9 is divided by p.
4
Let y = -13 + 28. Let l = -54 + 35. Let i = 62 + l. What is the remainder when i is divided by y?
13
Suppose 77*c - 774 = 68*c. Calculate the remainder when c is divided by 30.
26
Calculate the remainder when (-3 - 0)*(-114)/9 is divided by 13.
12
Let q = -9 + 13. Suppose q*x + 74 = 2*r, -5*r - 4 + 165 = -2*x. Calculate the remainder when r is divided by 17.
14
Let c = -38 + 79. Let n = -1 - -34. Let b = 47 - n. Calculate the remainder when c is divided by b.
13
Let h(g) = 3*g**2 - g - 7. What is the remainder when 65 is divided by h(3)?
14
Let u = 30 - 20. Let y be 3/(2 + (-346)/176). Suppose 0 = 4*i - 28 - y. What is the remaind